0*y + 8 = -4*y - 4*h. Let o(s) = s**2 + 5*s - 7. Let a be o(y). Let r(p) = -p**2 + 4*p + 2*p - p + 7 - a*p. Calculate r(-6).
-17
Let c(w) = -w**2 + 12*w - 4. Let u(n) = -3*n**2 + 25*n - 11. Let j(a) = 5*c(a) - 2*u(a). Calculate j(-6).
-22
Let u(h) = -5*h**2 - h - 1. Let r = 234 - 235. Calculate u(r).
-5
Let k(m) = -2*m + 8. Let g(h) = h**3 - 4. Let t be g(2). Let w be k(t). Let b(i) = i**2 + i + 4. Give b(w).
4
Let h(l) = -2*l**2 + 16 - 24 + l**2 + 10. Let k be h(2). Let q(r) = -2*r**3 - 4*r**2 - 3*r. Give q(k).
6
Let o(r) = -r. Let a be o(3). Let x = -1 + 11. Let j(z) = -z**2 - x*z + 9*z - 4 - 2*z**2 - z**3. Calculate j(a).
-1
Let s(c) be the third derivative of 6*c**2 + 0*c + 2/3*c**3 + 0 + 1/24*c**4. Let u(w) = -w - 5. Let m(h) = -3*s(h) - 2*u(h). What is m(0)?
-2
Let g(p) = -p**2 + 12*p - 12. Suppose 4*w = l + 32, -4*w - 1 = 4*l - 53. Calculate g(w).
15
Let d be -25*(4 + (-36)/10). Let j be 75/(-30)*12/d. Let h(r) = j + 8*r - 4*r**2 - 7 - 6 + 3*r**2. What is h(7)?
-3
Let u be ((-1029)/28)/(-49) - (-1)/4. Let i(q) = -15*q - 2. Calculate i(u).
-17
Let x(z) = -4*z - 17. Let v be (42/(-12))/(10/20). Calculate x(v).
11
Let i(z) = -z**2 + 3. Let l(q) = -8*q - 1. Let s be l(-1). Suppose 2*y - s*y = 0. Suppose y = -3*j - j - 12. What is i(j)?
-6
Let y(z) = z**3 + 4*z**2 - 2*z - 5. Let q be (-8)/6*((9 - 1) + -2). Let w be (-10)/(-4)*q/5. Determine y(w).
3
Suppose 0*u - 4*h = 3*u - 12, 0 = u + 4*h - 4. Let n(p) = p**2 + 6*p + 7. Let b be n(-6). Let c(x) = x**2 + b*x - 2*x + 0*x - 2*x**2 - 1. Give c(u).
3
Let a(q) = -q**2 + 4*q + 7. Let y = 26 - 7. Suppose -y - 1 = -4*o. What is a(o)?
2
Let s = 2 + 11. Let l(p) = -24 + 13 + s - p. What is l(-5)?
7
Let z(t) = -t**3 - t**2 + t + 1. Suppose j - 4*w + 3 = -7, -w - 3 = -3*j. What is z(j)?
-9
Let f(m) = 3*m**3 - m**2 + 2*m + 6. Let r(q) = -17*q**3 + 5*q**2 - 9*q - 31. Let l(i) = 11*f(i) + 2*r(i). Give l(-1).
0
Let y(c) be the third derivative of c**6/120 - 7*c**5/60 - 3*c**4/8 + c**3/3 - c**2. Suppose -5*f - 45 = -5*m, -35 = -4*m + 63*f - 60*f. Give y(m).
-6
Suppose 3*p - 6 = -4*a, 5*a = 3*p - 0*a - 6. Suppose -2*s + 6 = 2. Let m(n) = 4*n**s + 7*n**3 - 8*n**3 - 1 + 0*n**3. Determine m(p).
7
Let d be 2 + 105/(-49) + (-15)/(-7). Let y(g) = d*g - 7*g**2 - 7*g + 6*g**2. Give y(-5).
0
Let y = 1 - 4. Let f(o) = 4*o - 4*o - 114 + 116 - 2*o. Give f(y).
8
Let t(m) be the third derivative of 0*m + 1/2*m**3 + 0 + 1/60*m**5 + 2*m**2 + 1/3*m**4. What is t(-6)?
-9
Let w(m) = -5*m**2 - 1. Let z(g) = -29*g**2 - 7*g + 3. Let c(q) = -6*w(q) + z(q). Determine c(8).
17
Let u(c) be the first derivative of -2*c**3/3 + 19*c**2/2 + 17*c + 25. Let r(k) = k**2 - 9*k - 8. Let l(j) = -9*r(j) - 4*u(j). Give l(5).
4
Let j be 0*(6 + 51/(-9)). Let c(l) be the third derivative of -1/24*l**4 + l**2 + 0*l - 1/20*l**5 + 1/6*l**3 + j. What is c(1)?
-3
Let r(l) = -l**2 - 21*l - 16. Let s be r(-20). Suppose 3*y - s = 3*q + 20, 0 = 3*q - 4*y + 24. Let g(f) = -2*f - 9. Determine g(q).
7
Suppose 3*r + 3*i - 5*i + 12 = 0, -30 = 3*r + 4*i. Let c(t) = 2*t + 14. What is c(r)?
2
Let n(f) = f**3 + 12*f**2 + 10. Let y = 1938 - 1950. Give n(y).
10
Suppose p = -4*p + 35. Let h(x) = -x**2 + 8*x - 5. Let n be h(p). Let c(t) = 2*t**3 - 3*t**2 + 3*t - 1. Give c(n).
9
Let a = 257 - 250. Let t(d) = d**3 - 8*d**2 + 5*d - 9. Calculate t(a).
-23
Let u(s) = 4*s**2 - 3*s. Let t be u(2). Suppose -t*g - 10 = -15*g. Suppose 0 = -j + 2*j + g. Let q(d) = d + 4. Give q(j).
2
Let m(d) = -7 + 9 - 5 - 4*d + d**3 + 30*d**2 - 26*d**2. Calculate m(-4).
13
Let p(n) = -n**3 + 2*n**2 - 8. Let m(f) = 1. Let j(y) = 6*m(y) + p(y). Determine j(3).
-11
Let v(k) be the third derivative of k**4/3 - 5*k**3/6 + 2*k**2 - 41. What is v(4)?
27
Suppose -3*f + 6 = -9. Let o(b) = -b**2 + 19*b - 31. Let r be o(17). Suppose 7 = r*d - f. Let k(y) = -2*y + 1. Calculate k(d).
-7
Suppose 2*v = 10, 0*f + 4*v = 3*f + 11. Let x(n) be the third derivative of n**4/4 - 25*n**2. Give x(f).
18
Let y(o) be the second derivative of o**5/20 + o**4/6 + o**3/6 + 7*o**2/2 + 185*o. Give y(-3).
-5
Let c(q) = 5*q - 28. Let k be c(6). Let m be (-3 - 7 - -4) + k. Let z(i) = 3*i + 5. Determine z(m).
-7
Let b(w) = -3*w + 9. Let r(t) = -3*t - 8. Let i be r(-2). Let a(m) = -16*m + 46. Let n(s) = i*a(s) + 11*b(s). Calculate n(6).
1
Suppose -2 = -i, 3*y + i - 3 = -7. Let p be 2/3*81/9 + y. Let t(m) = m**3 - 4*m**2 - m + 1. What is t(p)?
-3
Let k(h) be the second derivative of h**4/6 - h**3/2 - 3*h**2 - h - 88. Give k(-2).
8
Let i(p) = -2*p**3 + p**2 + p - 1. Let t(h) = 13*h**3 - 7*h**2 - 7*h - 4. Let y(a) = 6*i(a) + t(a). What is y(0)?
-10
Let v(m) be the first derivative of -m**4/4 + 5*m**2/2 - 8. Let y(w) be the second derivative of v(w). Determine y(-2).
12
Let w(t) = -t**3 + 7*t**2 - 3*t + 3. Let f(r) = -2*r**3 + 15*r**2 - 7*r + 5. Let c(s) = 2*f(s) - 5*w(s). What is c(5)?
0
Let s(a) = a**2 + 2*a - 20. Let q be s(0). Let p = q - -17. Let h(w) = 0*w**2 - 5*w**3 - 2*w - 4*w**2 + 4*w**3 - 1. Give h(p).
-4
Let a = -28 - -34. Let z(q) = -11*q + 3*q**2 + 4*q**3 + a - 3 + 9*q - 3*q**3. Give z(-4).
-5
Let m(w) = -4*w + 3. Suppose -5*i - 2*v = -14, -3*v = 5*i + 5 - 16. Give m(i).
-13
Let s(f) = -f**3 + 3*f**2 + 22*f + 36. Let l be s(7). Let y(u) = 0*u + 8*u**2 - 3 + u**3 + 6*u + 2*u. Calculate y(l).
21
Let a = 59 - 39. Suppose -7*k + a = -3*k. Let p(d) = d**2 + 7*d + 8. Let t(c) = -c**2 - 7*c - 8. Let x(o) = k*p(o) + 4*t(o). Give x(-6).
2
Let l be 1*(5 + (-6 - -3)). Suppose 3 = -l*q + 9. Let w(z) = 3 + 0*z**3 + 3*z + 3*z - 2*z - 2*z**2 - z**q. Give w(-2).
-5
Let w(h) = h**3 - 6*h**2 + 5*h + 3. Let q be w(6). Suppose 0 = -5*m - q + 8. Let b be (-4)/m + (-8)/(-40). Let y(r) = -5*r**3 - r**2. Determine y(b).
-6
Let l(k) = 0*k**3 - 16*k + k**3 - 47*k**2 - 12 + 26*k**2 + 7*k**2. Calculate l(15).
-27
Suppose -7 + 2 = 5*g. Let p(a) = 2 + 400*a - 2 - 191*a - 197*a. Calculate p(g).
-12
Let o(h) be the second derivative of -h**5/120 + h**4/3 - h**3/3 + 18*h. Let t(l) be the second derivative of o(l). Calculate t(0).
8
Let i(w) be the third derivative of 11*w**5/120 - 13*w**3/6 - w**2. Let y(j) be the first derivative of i(j). Give y(-1).
-11
Let l(r) = 7*r - 5*r + r**3 - 26*r**2 - 8 + 15*r**2 + 11*r. What is l(10)?
22
Let w(i) = -i**3 - 2*i**2 + 2*i. Let g be w(2). Let y(n) = n**2 + 10*n - 10. Let z be y(g). Suppose -5*u = z + 16. Let c(l) = l + 3. Determine c(u).
-3
Suppose 4*i + 3 = -13. Suppose 5*l - 2*l - 6 = 0. Let n(v) = -3*v + 0*v + l*v. Determine n(i).
4
Let k(i) = 3*i**2 - 7. Let w(d) = 16*d**2 - 36. Let a(j) = 11*k(j) - 2*w(j). Suppose 0 = 7*f - 9*f. Give a(f).
-5
Let u(r) be the second derivative of -r**3/2 - r**2 + 8*r. Suppose -2*n + 1 + 7 = 0. Suppose n*b = -d + 18, b + 1 = 3*d + 12. Calculate u(d).
4
Let o = 719 + -719. Let v(p) = p**3 + 7. Give v(o).
7
Let d(i) = 5*i - 51. Let b be d(11). Let q(w) = w**3 - 3*w**2 - 6*w + 4. Determine q(b).
-4
Let o(y) = -16*y**3 - y**2 + y. Suppose -5*g + 21 = 2*x, -g + 3*g = -5*x. Let p = -686 - -682. Let j = g + p. Calculate o(j).
-16
Let h(w) = w**2 + 2*w - 8. Suppose 19*k - 1255 + 1160 = 0. Give h(k).
27
Let p(q) = -q**3 + 7*q**2 + 7*q + 11. Let m be p(8). Let s(n) = -16*n**2 + n**m - 10*n + 13*n + 23*n**2 + 4. What is s(-6)?
22
Let o(h) be the first derivative of -h**5/60 - 5*h**4/24 - 20*h**3/3 + 29. Let x(t) be the third derivative of o(t). Give x(-4).
3
Let c(j) = -2*j**2 - 2*j. Suppose d = -5*f + 13, -f + 2*d - 2 = -3*f. Suppose -f*h - 7 = 2, 2 = -4*n + 2*h. Give c(n).
-4
Suppose -4*s = -6*s + 22. Let p(a) = -5 + a - s + 2. Let q(x) = -x**2 + 12*x + 6. Let c be q(12). What is p(c)?
-8
Let z(p) be the second derivative of -p**6/120 - p**5/15 + p**4/8 + 2*p**3/3 + 35*p**2/2 + 41*p. Let v(n) be the first derivative of z(n). Determine v(-5).
14
Let t(g) = 27*g - 4. Let i be t(8). Suppose -5*a = -i + 192. Let c(k) = -k**2 + 4*k. Determine c(a).
0
Suppose -m - 20 + 4 = -4*p, -3*m = -5*p + 13. Suppose -3*r - 3 = 3*w, p*w - 3 = -3*r + 2. Let i(d) = -1 + 3*d**2 - 5*d + d - 2*d**2. Give i(w).
-1
Let a(o) = o**3 + 9*o**2 + 11*o + 3. Let g be 84/(-48) + 50/(-8). Determine a(g).
-21
Let o(d) = 4*d - 2. Suppose 0 = -11*n + 6 + 16. Suppose 5*t - 35 = 3*t - 5*r, -n*t + 15 = r. Calculate o(t).
18
Let i(u) = 3*u + 7. Let r(m) = m + 1. Let a(q) = 3*i(q) - 24*r(q). Give a(-2).
27
Suppose 0 = 4*w - 